e x(-30).
-20
Let m(l) = 7*l**2 + 1664*l - 46023. Calculate m(25).
-48
Let g(w) = -3*w**2 - 1263*w - 9886. What is g(-413)?
26
Let s(q) = -11*q**2 + 1508*q - 1209. What is s(137)?
-1072
Let i(b) = b**3 + 1253*b**2 - 7007*b - 4068182. Give i(-1256).
2
Let f(x) = -x**3 + 163*x**2 + 4052*x - 71742. Give f(183).
-6
Let o(g) = -g**3 - 85*g**2 + 2119*g - 141. What is o(20)?
239
Let h(d) = 2*d**3 + 39*d**2 + 25*d + 627. Give h(-22).
-2343
Let o(a) = 2*a**3 - 53*a**2 - 1296*a + 34263. What is o(27)?
0
Let o(b) = b**3 - 86*b**2 - 2408*b + 207090. What is o(86)?
2
Let q(m) = 325*m - 1694. Calculate q(5).
-69
Let i(u) = 4*u**2 + 1771*u + 32221. What is i(-19)?
16
Let v(w) = w**3 - 56*w**2 + 202*w + 99. What is v(52)?
-213
Let h(n) = -3654*n - 113381. What is h(-31)?
-107
Let n(o) = -o**2 + 188*o - 3390. What is n(19)?
-179
Let g(y) = 12640*y + 176965. Determine g(-14).
5
Let r(w) = -w**3 - 89*w**2 - 1945*w - 1799. What is r(-53)?
162
Let g(r) = 21*r**3 + 2*r**2 - 4*r + 64. Determine g(4).
1424
Let h(i) = 3536*i - 9641. Give h(3).
967
Let i(a) = 1525*a - 194646. Give i(128).
554
Let n(r) = 3846969*r + 19234840. Determine n(-5).
-5
Let p(j) = -64*j**2 - 2987*j + 875. Calculate p(-47).
-112
Let h(b) = 21*b**3 + 4*b**2 + 36*b + 54. Give h(-2).
-170
Let q(j) = j**2 + 4314*j - 1194087. Give q(261).
-12
Let d(z) = 1681*z - 15454. Determine d(9).
-325
Let x(i) = -294*i + 160215. Determine x(545).
-15
Let x(h) = -13*h**2 + 552*h + 5262. What is x(-8)?
14
Let k(a) = 3*a**2 - 185*a - 490. Calculate k(62).
-428
Let w(y) = -y**2 - 19271*y - 77076. Calculate w(-4).
-8
Let f(r) = r**3 + 116*r**2 + 956*r + 24. Calculate f(-9).
87
Let m(h) = -h**3 - 243*h**2 - 12018*h - 909. Calculate m(-69).
-81
Let j(a) = 64*a**2 - 2701*a + 551. What is j(42)?
5
Let g(a) = -8672*a - 190740. What is g(-22)?
44
Let w(z) = -506*z - 65760. What is w(-130)?
20
Let s(r) = -1220*r - 65841. What is s(-54)?
39
Let m(l) = 39*l**3 - 7172*l**2 - 739*l + 601. Determine m(184).
49
Let b(y) = -7*y**2 + 750*y - 4229. Determine b(106).
-3381
Let w(z) = -z**2 - 503*z - 27880. Calculate w(-64).
216
Let w(r) = 4*r**2 - 3170*r - 64984. Give w(-20).
16
Let c(l) = l**3 - 9*l**2 - 129*l + 574. What is c(16)?
302
Let q(v) = 5*v**2 + 1480*v - 5738. Calculate q(-299).
-1253
Let o(f) = 166*f + 3498. Give o(-20).
178
Let i(r) = 1154523*r - 1154542. What is i(1)?
-19
Let a(m) = -m**2 + 323*m + 4389. Determine a(-13).
21
Let h(f) = 2833*f**2 + 36863*f + 16. Give h(-13).
-426
Let l(u) = -46589*u + 1351079. Calculate l(29).
-2
Let p(h) = -h**3 + 253*h**2 - 309*h - 48473. What is p(251)?
-30
Let m(s) = -s**2 - 20793*s + 1816578. Give m(87).
18
Let j(d) = d**2 + 21*d - 1371. Calculate j(-32).
-1019
Let s(w) = -10*w**2 - 6483*w + 182328. Determine s(27).
-3
Let f(x) = -2*x**2 - 483*x - 24413. Calculate f(-168).
283
Let k(w) = 9031*w - 207722. Determine k(23).
-9
Let o(z) = 8*z**3 - 334*z**2 - 429*z - 50. What is o(43)?
-7
Let k(p) = 9*p**2 + 1623*p + 13849. What is k(-9)?
-29
Let j(r) = 9609*r - 124898. Determine j(13).
19
Let i(x) = -2476*x + 321913. What is i(130)?
33
Let s(o) = 2*o**2 - 5671*o - 56906. Calculate s(-10).
4
Let t(b) = -36*b**2 + 591*b - 70. What is t(16)?
170
Let p(x) = -3041*x + 297988. What is p(98)?
-30
Let d(a) = -7*a**2 - 37*a + 201. What is d(6)?
-273
Let o(d) = 311*d + 34058. What is o(-110)?
-152
Let n(f) = -9*f**2 + 653*f + 2596. Calculate n(-4).
-160
Let h(k) = 49*k**2 + 563*k + 1152. Determine h(-9).
54
Let m(r) = -86*r - 5499. What is m(-60)?
-339
Let j(i) = 1515*i - 24325. What is j(15)?
-1600
Let x(i) = -i**3 - 235*i**2 + 3523*i + 9221. Calculate x(-249).
8
Let m(r) = 3*r**3 + 203*r**2 - 49*r + 23. Determine m(-68).
-1269
Let y(j) = 2*j**3 - 286*j**2 - 200*j + 68873. What is y(142)?
145
Let h(c) = -3*c**2 + 1312*c - 143440. Give h(217).
-3
Let b(u) = 4025*u + 555446. Give b(-138).
-4
Let p(x) = -215*x**2 + 8299*x + 8297. Give p(-1).
-217
Let f(r) = 8*r**3 + 3231*r**2 - 410*r - 2073. What is f(-404)?
351
Let a(z) = 50*z**2 - 173*z - 4732. What is a(-8)?
-148
Let d(p) = -2*p**3 + 3*p**2 + 112*p - 337. What is d(3)?
-28
Let f(h) = 7372*h + 14747. Determine f(-2).
3
Let y(z) = 2305*z - 461163. Calculate y(200).
-163
Let r(d) = -d**2 - 2103*d - 14703. Determine r(-7).
-31
Let s(a) = -15*a**2 + 710*a - 5888. Give s(37).
-153
Let q(c) = -29*c**2 - 1087*c + 660. What is q(-38)?
90
Let n(x) = 4616*x - 55207. Determine n(12).
185
Let q(c) = -2*c**3 + 236*c**2 + 6482*c - 17. What is q(-23)?
75
Let l(g) = 10087*g + 232043. Give l(-23).
42
Let x(z) = 6149*z + 12616. Determine x(-2).
318
Let y(t) = -674*t + 112027. Calculate y(166).
143
Let q(y) = -95*y**3 - 8*y**2 - 6*y + 50. Determine q(-3).
2561
Let r(d) = 43694*d - 436940. What is r(10)?
0
Let i(c) = -17*c**3 + 1014*c**2 - 646*c + 117. Determine i(59).
294
Let g(y) = -1192*y + 250288. Calculate g(210).
-32
Let g(t) = -265*t + 53301. What is g(201)?
36
Let y(a) = -3*a**2 + 2197*a + 49779. What is y(-22)?
-7
Let g(b) = -b**2 - 127*b - 770. Give g(-119).
182
Let d(t) = 331*t**2 + 16*t + 29. Determine d(2).
1385
Let l(p) = -p**3 + 568*p**2 - 1185*p + 29998. Determine l(566).
0
Let p(r) = -10*r**3 + 178*r**2 - 381*r + 7519. Calculate p(18).
13
Let g(t) = -2*t**3 - 168399*t + 3. What is g(0)?
3
Let t(z) = 57*z**2 + 194*z - 2152. What is t(5)?
243
Let n(k) = -2*k**2 + 1267*k + 148371. Determine n(-101).
2
Let c(d) = 12*d**2 - 1228*d + 6052. What is c(97)?
-156
Let i(m) = -m**3 - 22*m**2 + 95*m - 72. Determine i(-26).
162
Let m(h) = -6*h**2 + 342*h - 4390. Give m(44).
-958
Let j(b) = 307*b - 1127. What is j(3)?
-206
Let t(z) = -2*z**3 + 65*z**2 - 155*z + 148. What is t(30)?
-2
Let v(s) = 17*s**2 + 2898*s + 7036. Determine v(-168).
-20
Let d(q) = 156*q**2 - 70822*q - 895. Calculate d(454).
13
Let g(j) = -2*j**2 - 937*j - 4762. What is g(-5)?
-127
Let c(n) = n**3 - 205*n**2 - 3528*n - 1756. Determine c(221).
12
Let z(s) = -169*s**2 + 2172*s - 1465. What is z(12)?
263
Let t(u) = 325969*u - 1629754. Determine t(5).
91
Let k(o) = -3*o**2 + 308*o + 1415. Give k(109).
-656
Let v(l) = -l**3 + 11*l**2 - 88*l + 162. Determine v(12).
-1038
Let o(f) = 5025*f + 75320. Calculate o(-15).
-55
Let z(y) = -2*y**2 + 2238*y - 67468. Calculate z(31).
-12
Let o(y) = -4*y**2 - 5670*y + 22740. Determine o(4).
-4
Let g(z) = 2365*z + 5279. What is g(-2)?
549
Let u(s) = 179*s + 2868. Determine u(-17).
-175
Let m(f) = 199*f**2 - 3184*f - 4. What is m(16)?
-4
Let a(x) = -50521*x + 4445869. Determine a(88).
21
Let h(j) = -10889*j - 1698695. Determine h(-156).
-11
Let n(m) = -12*m**2 - 14512*m + 126689. What is n(-1218)?
17
Let j(w) = 14653*w + 131873. Calculate j(-9).
-4
Let v(n) = 2*n**2 + 3747*n - 11271. What is v(3)?
-12
Let n(c) = -17*c**3 - 1971*c**2 + 135*c + 2209. What is n(-116)?
5
Let s(o) = 2*o**3 - 1343*o**2 - 2192*o + 116436. Give s(673).
7
Let b(i) = 720*i + 181539. Give b(-252).
99
Let o(j) = -2*j**2 + 211*j + 46569. Calculate o(214).
131
Let x(w) = -w**3 + 39*w**2 - 21*w + 286. Determine x(38).
932
Let m(k) = -k**3 - 136*k**2 - 3962*k + 345. Give m(-43).
-1246
Let m(g) = -25575*g - 613850. Give m(-24).
-50
Let p(k) = -169708*k**2 - 1866786*k + 21. Determine p(-11).
-1
Let n(v) = 3*v**2 + 41340*v - 413708. Determine n(10).
-8
Let r(o) = -5*o**3 + 168*o**2 + 63*o + 31. Give r(34).
-139
Let m(q) = 46*q - 1709. Give m(44).
315
Let o(t) = 31*t**3 - 1894*t**2 - 529*t + 43441. What is o(61)?
9
Let p(r) = 3*r**3 - 126*r**2 - 2714*r + 111173. Give p(43).
18
Let y(m) = -654*m - 84376. Determine y(-129).
-10
Let a(o) = 537*o + 52275. Calculate a(-88).
5019
Let k(r) = -3*r**2 + 33*r - 190. Calculate k(9).
-136
Let q(n) = n**3 + 1648*n**2 - 6493*n - 469. Give q(4).
-9
Let n(h) = 807*h + 147969. Calculate n(-183).
288
Let h(z) = 16229*z + 48874. Determine h(-3).
187
Let l(n) = -n**3 + 175*n**2 - 372*n + 4508. What is l(173)?
10
Let b(c) = 1430*c**2 + 34316*c + 11. Give b(-24).
107
Let q(b) = b**3 + 159*b**2 - 65776*b + 703. Determine q(189).
-53
Let q(p) = 103*p**2 + 758*p - 546. Determine q(-8).
-18
Let r(v) = 25393*v - 838065. What is r(33)?
-96
Let i(m) = -482*m - 12551. What is i(-26)?
-19
Let z(g) = 102*g**3 + 3168*g**2 + 178*g - 235. Give z(-31).
13
Let d(w) = 997659*w - 3990634. What is d(4)?
2
Let z(s) = -8044*s + 72289. Give z(9).
-107
Let l(a) = -3*a**2 - 105*a + 452. Wh